{"id":3651,"date":"2018-05-23T03:42:31","date_gmt":"2018-05-23T01:42:31","guid":{"rendered":"http:\/\/le-bars.net\/yoann\/?page_id=3651"},"modified":"2018-05-23T03:46:35","modified_gmt":"2018-05-23T01:46:35","slug":"privacy-policy","status":"publish","type":"page","link":"https:\/\/le-bars.net\/yoann\/en\/privacy-policy\/","title":{"rendered":"Privacy Policy"},"content":{"rendered":"<h2>Who am I?<\/h2>\n<p>I am an individual, currently a post-doctorate at the <a href=\"http:\/\/www.unicaen.fr\/home-578581.kjsp?RH=1291198060074&RF=UNIV-EN\" title=\"University of Caen\" rel=\"noopener\" target=\"_blank\">University of Caen<\/a> (see my <a href=\"http:\/\/le-bars.net\/yoann\/en\/resume\/\" title=\"Resume\">resume<\/a>). My website address is: <a href=\"http:\/\/le-bars.net\/yoann\/en\/\" title=\"A View from here\">http:\/\/le-bars.net\/yoann<\/a>.<\/p>\n<h2>Use of collected personal data<\/h2>\n<h3>Comments<\/h3>\n<p>When you leave a comment on my website, the data entered in the comment form, but also your IP address and your browser\u2019s user agent are collected to help me detect unwanted comments.<\/p>\n<p>An anonymous string created from your e-mail address (also called hash) can be sent to the <a href=\"http:\/\/www.gravatar.com\/\" title=\"Gravatar\" rel=\"noopener\" target=\"_blank\">Gravatar<\/a> service to check if you are using it. The Gravatar service privacy policy is available here: <a href=\"https:\/\/automattic.com\/privacy\/\" title=\"Gravatar privacy policy\" rel=\"noopener\" target=\"_blank\">https:\/\/automattic.com\/privacy\/<\/a>. After validation of your comment, your profile photo will be publicly visible next to your comment.<\/p>\n<h3>Media<\/h3>\n<p>If you are a registered user and upload images to this website, I advise you to avoid uploading images containing EXIF GPS coordinates. Visitors to your website can download and extract location data from these images.<\/p>\n<h3>Contact Form<\/h3>\n<p>Use of the contact form requires the transmission of your name (or pseudonym) and e-mail address. The e-mail address allows me to answer you.<\/p>\n<h3>Cookies<\/h3>\n<p>If you leave a comment on my website, you will be offered to save your name, e-mail address and website in cookies. This is only for your convenience so you do not have to enter this information if you post another comment later. These cookies expire after a year.<\/p>\n<p>If you have an account and log in to this website, a temporary cookie will be created to determine whether your browser accepts cookies. It does not contain any personal data and will be deleted automatically when you close your browser.<\/p>\n<p>When you log in, a number of cookies is set up to store your login information and screen preferences. The lifetime of a login cookie is two days, while the one of screen option cookie is one year. If you tick \u201cRemember me\u201d, your login cookie will be stored for two weeks. If you log out of your account, the login cookie will be deleted.<\/p>\n<p>By modifying or publishing an article, an additional cookie will be stored in your browser. This cookie does not contain any personal data. It simply indicates the identifier of the article you have just modified. It expires after one day.<\/p>\n<h3>Embedded content from other websites<\/h3>\n<p>Articles on this site may include embedded content (e.g. videos, images, articles\u2026). Content embedded from other websites behaves in the same way as if the visitor were visiting that other website.<\/p>\n<p>These websites may collect data about you, use cookies, embed third-party tracking tools, or track your interactions with such embedded content if you have an account logged into their website.<\/p>\n<h3>Statistics and audience measurement<\/h3>\n<p>The <a href=\"https:\/\/en.wikipedia.org\/wiki\/Internet_protocol_suite\" title=\"Internet protocol suite\" rel=\"noopener\" target=\"_blank\">TCP\/IP standard<\/a> means that, for each request you make on this website, your IP address is transmitted (this allows the results of the request to be returned). This allows a rough estimate of the geographical location of the system making the request.<\/p>\n<p>Also, this website maintains a tracking of page views. These statistics do not store the IP addresses that made the requests.<\/p>\n<h2>Use and transmission of your personal data<\/h2>\n<p>This website uses cookies only to facilitate articles editing. No personal data is passed on to third parties.<\/p>\n<h2>How long your data is stored<\/h2>\n<p>If you leave a comment, the comment and its metadata are kept indefinitely. This automatically recognizes and approves the following comments instead of leaving them in the moderator queue.<\/p>\n<h2>The rights you have over your data<\/h2>\n<p>If you have an account or have left comments on this website, you may request to receive a file containing all the personal information I have about you, including the information you have provided. You may also request that your personal data be deleted. This does not take into account data stored for administrative, legal or security purposes.<\/p>\n<h2>Transmission of your personal data<\/h2>\n<p>Visitor comments are verified using an automated spam comment detection service.<\/p>\n<h2>Further information<\/h2>\n<h3>How I protect your data<\/h3>\n<p>No personal data collected by this website is transmitted to a third party.<\/p>\n<h3>Procedures in case of data leakage<\/h3>\n<p>If you suspect that personal data about you has been transmitted via this website, please <a href=\"http:\/\/le-bars.net\/yoann\/en\/contact-form\/\" title=\"Contact form\">contact me<\/a>.<\/p>\n<h3>Third party services that transmit data to us<\/h3>\n<p>This site uses the services of <a href=\"https:\/\/jetpack.com\/\" title=\"Jetpack\" rel=\"noopener\" target=\"_blank\">Jetpack<\/a> and <a href=\"https:\/\/yoast.com\/\" title=\"Yoast\" rel=\"noopener\" target=\"_blank\">Yoast<\/a>. Their visitor tracking services, as well as third-party audience analysis, have not been activated.<\/p>\n<h3>Automated marketing or profiling operations using personal data<\/h3>\n<p>The data collected by this website is not used for marketing or profiling purposes.<\/p>\n","protected":false},"excerpt":{"rendered":"<p>Who am I? I am an individual, currently a post-doctorate at the University of Caen (see my resume). My website address is: http:\/\/le-bars.net\/yoann. Use of collected personal data Comments When you leave a comment on my website, the data entered in the comment form, but also your IP address and your browser\u2019s user agent are &hellip; <a href=\"https:\/\/le-bars.net\/yoann\/en\/privacy-policy\/\" class=\"more-link\">Continuer la lecture de <span class=\"screen-reader-text\">Privacy Policy<\/span><\/a><\/p>\n","protected":false},"author":1,"featured_media":0,"parent":0,"menu_order":0,"comment_status":"closed","ping_status":"closed","template":"","meta":{"jetpack_post_was_ever_published":false,"footnotes":""},"class_list":["post-3651","page","type-page","status-publish","hentry"],"yoast_head":"<!-- This site is optimized with the Yoast SEO plugin v27.1.1 - https:\/\/yoast.com\/product\/yoast-seo-wordpress\/ -->\n<title>Privacy Policy &#8211; Vu d\u2019ici<\/title>\n<meta name=\"robots\" content=\"index, follow, max-snippet:-1, max-image-preview:large, max-video-preview:-1\" \/>\n<link rel=\"canonical\" href=\"https:\/\/le-bars.net\/yoann\/en\/privacy-policy\/\" \/>\n<meta property=\"og:locale\" content=\"fr_FR\" \/>\n<meta property=\"og:type\" content=\"article\" \/>\n<meta property=\"og:title\" content=\"Privacy Policy &#8211; Vu d\u2019ici\" \/>\n<meta property=\"og:description\" content=\"Who am I? I am an individual, currently a post-doctorate at the University of Caen (see my resume). My website address is: http:\/\/le-bars.net\/yoann. Use of collected personal data Comments When you leave a comment on my website, the data entered in the comment form, but also your IP address and your browser\u2019s user agent are &hellip; Continuer la lecture de Privacy Policy\" \/>\n<meta property=\"og:url\" content=\"https:\/\/le-bars.net\/yoann\/en\/privacy-policy\/\" \/>\n<meta property=\"og:site_name\" content=\"Vu d\u2019ici\" \/>\n<meta property=\"article:modified_time\" content=\"2018-05-23T01:46:35+00:00\" \/>\n<meta name=\"twitter:card\" content=\"summary_large_image\" \/>\n<meta name=\"twitter:label1\" content=\"Dur\u00e9e de lecture estim\u00e9e\" \/>\n\t<meta name=\"twitter:data1\" content=\"4 minutes\" \/>\n<script type=\"application\/ld+json\" class=\"yoast-schema-graph\">{\"@context\":\"https:\/\/schema.org\",\"@graph\":[{\"@type\":\"WebPage\",\"@id\":\"https:\/\/le-bars.net\/yoann\/en\/privacy-policy\/\",\"url\":\"https:\/\/le-bars.net\/yoann\/en\/privacy-policy\/\",\"name\":\"Privacy Policy &#8211; Vu d\u2019ici\",\"isPartOf\":{\"@id\":\"https:\/\/le-bars.net\/yoann\/#website\"},\"datePublished\":\"2018-05-23T01:42:31+00:00\",\"dateModified\":\"2018-05-23T01:46:35+00:00\",\"breadcrumb\":{\"@id\":\"https:\/\/le-bars.net\/yoann\/en\/privacy-policy\/#breadcrumb\"},\"inLanguage\":\"fr-FR\",\"potentialAction\":[{\"@type\":\"ReadAction\",\"target\":[\"https:\/\/le-bars.net\/yoann\/en\/privacy-policy\/\"]}]},{\"@type\":\"BreadcrumbList\",\"@id\":\"https:\/\/le-bars.net\/yoann\/en\/privacy-policy\/#breadcrumb\",\"itemListElement\":[{\"@type\":\"ListItem\",\"position\":1,\"name\":\"Accueil\",\"item\":\"https:\/\/le-bars.net\/yoann\/fr\/\"},{\"@type\":\"ListItem\",\"position\":2,\"name\":\"Privacy Policy\"}]},{\"@type\":\"WebSite\",\"@id\":\"https:\/\/le-bars.net\/yoann\/#website\",\"url\":\"https:\/\/le-bars.net\/yoann\/\",\"name\":\"Vu d\u2019ici\",\"description\":\"Pages personnelles de Yoann LE\u00a0BARS\",\"publisher\":{\"@id\":\"https:\/\/le-bars.net\/yoann\/#\/schema\/person\/90c5a2de7ad2db1184bbe140ebea1576\"},\"potentialAction\":[{\"@type\":\"SearchAction\",\"target\":{\"@type\":\"EntryPoint\",\"urlTemplate\":\"https:\/\/le-bars.net\/yoann\/?s={search_term_string}\"},\"query-input\":{\"@type\":\"PropertyValueSpecification\",\"valueRequired\":true,\"valueName\":\"search_term_string\"}}],\"inLanguage\":\"fr-FR\"},{\"@type\":[\"Person\",\"Organization\"],\"@id\":\"https:\/\/le-bars.net\/yoann\/#\/schema\/person\/90c5a2de7ad2db1184bbe140ebea1576\",\"name\":\"Yoann Le Bars\",\"image\":{\"@type\":\"ImageObject\",\"inLanguage\":\"fr-FR\",\"@id\":\"https:\/\/le-bars.net\/yoann\/#\/schema\/person\/image\/\",\"url\":\"https:\/\/i0.wp.com\/le-bars.net\/yoann\/wordpress\/wp-content\/uploads\/2020\/11\/fec731577f2c05141910be0dc3ef5bb2.jpeg?fit=80%2C80&ssl=1\",\"contentUrl\":\"https:\/\/i0.wp.com\/le-bars.net\/yoann\/wordpress\/wp-content\/uploads\/2020\/11\/fec731577f2c05141910be0dc3ef5bb2.jpeg?fit=80%2C80&ssl=1\",\"width\":80,\"height\":80,\"caption\":\"Yoann Le Bars\"},\"logo\":{\"@id\":\"https:\/\/le-bars.net\/yoann\/#\/schema\/person\/image\/\"},\"description\":\"Un enseignant-chercheur avec un peu trop de centres d\u2019int\u00e9r\u00eats pour pouvoir r\u00e9sumer\u2026\",\"sameAs\":[\"http:\/\/le-bars.net\/yoann\"]}]}<\/script>\n<!-- \/ Yoast SEO plugin. -->","yoast_head_json":{"title":"Privacy Policy &#8211; Vu d\u2019ici","robots":{"index":"index","follow":"follow","max-snippet":"max-snippet:-1","max-image-preview":"max-image-preview:large","max-video-preview":"max-video-preview:-1"},"canonical":"https:\/\/le-bars.net\/yoann\/en\/privacy-policy\/","og_locale":"fr_FR","og_type":"article","og_title":"Privacy Policy &#8211; Vu d\u2019ici","og_description":"Who am I? I am an individual, currently a post-doctorate at the University of Caen (see my resume). My website address is: http:\/\/le-bars.net\/yoann. Use of collected personal data Comments When you leave a comment on my website, the data entered in the comment form, but also your IP address and your browser\u2019s user agent are &hellip; Continuer la lecture de Privacy Policy","og_url":"https:\/\/le-bars.net\/yoann\/en\/privacy-policy\/","og_site_name":"Vu d\u2019ici","article_modified_time":"2018-05-23T01:46:35+00:00","twitter_card":"summary_large_image","twitter_misc":{"Dur\u00e9e de lecture estim\u00e9e":"4 minutes"},"schema":{"@context":"https:\/\/schema.org","@graph":[{"@type":"WebPage","@id":"https:\/\/le-bars.net\/yoann\/en\/privacy-policy\/","url":"https:\/\/le-bars.net\/yoann\/en\/privacy-policy\/","name":"Privacy Policy &#8211; Vu d\u2019ici","isPartOf":{"@id":"https:\/\/le-bars.net\/yoann\/#website"},"datePublished":"2018-05-23T01:42:31+00:00","dateModified":"2018-05-23T01:46:35+00:00","breadcrumb":{"@id":"https:\/\/le-bars.net\/yoann\/en\/privacy-policy\/#breadcrumb"},"inLanguage":"fr-FR","potentialAction":[{"@type":"ReadAction","target":["https:\/\/le-bars.net\/yoann\/en\/privacy-policy\/"]}]},{"@type":"BreadcrumbList","@id":"https:\/\/le-bars.net\/yoann\/en\/privacy-policy\/#breadcrumb","itemListElement":[{"@type":"ListItem","position":1,"name":"Accueil","item":"https:\/\/le-bars.net\/yoann\/fr\/"},{"@type":"ListItem","position":2,"name":"Privacy Policy"}]},{"@type":"WebSite","@id":"https:\/\/le-bars.net\/yoann\/#website","url":"https:\/\/le-bars.net\/yoann\/","name":"Vu d\u2019ici","description":"Pages personnelles de Yoann LE\u00a0BARS","publisher":{"@id":"https:\/\/le-bars.net\/yoann\/#\/schema\/person\/90c5a2de7ad2db1184bbe140ebea1576"},"potentialAction":[{"@type":"SearchAction","target":{"@type":"EntryPoint","urlTemplate":"https:\/\/le-bars.net\/yoann\/?s={search_term_string}"},"query-input":{"@type":"PropertyValueSpecification","valueRequired":true,"valueName":"search_term_string"}}],"inLanguage":"fr-FR"},{"@type":["Person","Organization"],"@id":"https:\/\/le-bars.net\/yoann\/#\/schema\/person\/90c5a2de7ad2db1184bbe140ebea1576","name":"Yoann Le Bars","image":{"@type":"ImageObject","inLanguage":"fr-FR","@id":"https:\/\/le-bars.net\/yoann\/#\/schema\/person\/image\/","url":"https:\/\/i0.wp.com\/le-bars.net\/yoann\/wordpress\/wp-content\/uploads\/2020\/11\/fec731577f2c05141910be0dc3ef5bb2.jpeg?fit=80%2C80&ssl=1","contentUrl":"https:\/\/i0.wp.com\/le-bars.net\/yoann\/wordpress\/wp-content\/uploads\/2020\/11\/fec731577f2c05141910be0dc3ef5bb2.jpeg?fit=80%2C80&ssl=1","width":80,"height":80,"caption":"Yoann Le Bars"},"logo":{"@id":"https:\/\/le-bars.net\/yoann\/#\/schema\/person\/image\/"},"description":"Un enseignant-chercheur avec un peu trop de centres d\u2019int\u00e9r\u00eats pour pouvoir r\u00e9sumer\u2026","sameAs":["http:\/\/le-bars.net\/yoann"]}]}},"jetpack_shortlink":"https:\/\/wp.me\/P61hos-WT","jetpack-related-posts":[{"id":43,"url":"https:\/\/le-bars.net\/yoann\/en\/","url_meta":{"origin":3651,"position":0},"title":"Welcome!","author":"Yoann Le Bars","date":"3 avril 2015","format":false,"excerpt":"Because of my profession, I am to move from one country to another, living some times here, then there. At least, it opens you a wider point of view. Indeed, what to think about all the restlessness, when it is view from here? When I was a student, I was\u2026","rel":"","context":"Avec 1 commentaire","block_context":{"text":"Avec 1 commentaire","link":"https:\/\/le-bars.net\/yoann\/en\/#comments"},"img":{"alt_text":"Sunrise in French Guyana","src":"https:\/\/i0.wp.com\/le-bars.net\/yoann\/wordpress\/wp-content\/uploads\/2015\/09\/accueil2-1024x431.png?resize=350%2C200","width":350,"height":200,"srcset":"https:\/\/i0.wp.com\/le-bars.net\/yoann\/wordpress\/wp-content\/uploads\/2015\/09\/accueil2-1024x431.png?resize=350%2C200 1x, https:\/\/i0.wp.com\/le-bars.net\/yoann\/wordpress\/wp-content\/uploads\/2015\/09\/accueil2-1024x431.png?resize=525%2C300 1.5x"},"classes":[]},{"id":90,"url":"https:\/\/le-bars.net\/yoann\/en\/resume\/","url_meta":{"origin":3651,"position":1},"title":"Resume","author":"Yoann Le Bars","date":"7 avril 2015","format":false,"excerpt":"Yoann Le Bars Numerical analyst Skills Mathematics Functional analysis, numerical analysis, meshes, finite elements, finite differences, finite volumes, discontinuous-Galerkin\u2019s method. Physics Fluid mechanics, physical oceanography. Computer science Analysis of numerical instabilities, parallel computing, algorithms, C, C++, Fortran, Python, $latex \\LaTeX$, gnu\/Linux (including administration of servers). French Native speaker. French citizen.\u2026","rel":"","context":"Avec 2 commentaires","block_context":{"text":"Avec 2 commentaires","link":"https:\/\/le-bars.net\/yoann\/en\/resume\/#comments"},"img":{"alt_text":"","src":"","width":0,"height":0},"classes":[]},{"id":1916,"url":"https:\/\/le-bars.net\/yoann\/en\/links\/","url_meta":{"origin":3651,"position":2},"title":"Links","author":"Yoann Le Bars","date":"22 octobre 2015","format":false,"excerpt":"In this section, you will found a selection of links I consider interesting. They are thematically gathered into several sections. As I do not want to give a simple list of links, for each item I make a presentation and put a reference to this description. Sections Scientific popularisation Culture","rel":"","context":"Article similaire","block_context":{"text":"Article similaire","link":""},"img":{"alt_text":"","src":"","width":0,"height":0},"classes":[]},{"id":1930,"url":"https:\/\/le-bars.net\/yoann\/en\/links\/scientific-popularisation\/","url_meta":{"origin":3651,"position":3},"title":"Scientific popularisation","author":"Yoann Le Bars","date":"23 octobre 2015","format":false,"excerpt":"This section is gathering links on scientific popularisation. E-Luminesciences: Jean-Pierre Luminet is an astrophysicist, who present popularisation of his works, as well as his cultural activities, on his blog. See description. E-Penser: Bruce Benamran offers videos of general scientific popularisation. See description. Scilabus: Vivianne Lalande popularises experimental sciences on her\u2026","rel":"","context":"Article similaire","block_context":{"text":"Article similaire","link":""},"img":{"alt_text":"","src":"","width":0,"height":0},"classes":[]}],"jetpack_sharing_enabled":true,"_links":{"self":[{"href":"https:\/\/le-bars.net\/yoann\/wp-json\/wp\/v2\/pages\/3651","targetHints":{"allow":["GET"]}}],"collection":[{"href":"https:\/\/le-bars.net\/yoann\/wp-json\/wp\/v2\/pages"}],"about":[{"href":"https:\/\/le-bars.net\/yoann\/wp-json\/wp\/v2\/types\/page"}],"author":[{"embeddable":true,"href":"https:\/\/le-bars.net\/yoann\/wp-json\/wp\/v2\/users\/1"}],"replies":[{"embeddable":true,"href":"https:\/\/le-bars.net\/yoann\/wp-json\/wp\/v2\/comments?post=3651"}],"version-history":[{"count":8,"href":"https:\/\/le-bars.net\/yoann\/wp-json\/wp\/v2\/pages\/3651\/revisions"}],"predecessor-version":[{"id":3675,"href":"https:\/\/le-bars.net\/yoann\/wp-json\/wp\/v2\/pages\/3651\/revisions\/3675"}],"wp:attachment":[{"href":"https:\/\/le-bars.net\/yoann\/wp-json\/wp\/v2\/media?parent=3651"}],"curies":[{"name":"wp","href":"https:\/\/api.w.org\/{rel}","templated":true}]}}